21)/(-9) - 3)*c. What is the highest common divisor of 8 and k?
4
Suppose -2*n + n + 44 = 0. Suppose -f - 3*f - n = 0. Let d(y) = -y - 3. Let w be d(f). Calculate the greatest common divisor of 20 and w.
4
Suppose -2*n + n + 3 = 0. Suppose -n*t + 36 = -t. Calculate the highest common divisor of t and 2.
2
Let y = -17 + 28. Suppose 8*j - 5*j + 9 = 0. Let l = y + j. Calculate the highest common factor of 1 and l.
1
Let m(z) = 15*z + 3. Let l be m(4). Calculate the highest common factor of 27 and l.
9
Let h be (-3)/(2/(-20)*2). Let r be 13/4 - (-21)/(-84). Calculate the greatest common factor of h and r.
3
Let b = 31 - 61. Let t = b - -69. Calculate the highest common factor of 26 and t.
13
Suppose -105 = -3*t + 2*c, -45 = -2*t - 2*c + 15. Calculate the highest common divisor of 11 and t.
11
Let z be 5 - (8/(-4) - -1). Suppose -z*d + 8*d = 32. Calculate the greatest common divisor of 2 and d.
2
Suppose 71 - 47 = 4*r. What is the greatest common factor of r and 6?
6
Let z(u) be the third derivative of u**5/20 - u**4/24 - 2*u**2. Let c be z(-2). Calculate the greatest common divisor of 42 and c.
14
Suppose 0 = l + m - 29, -4*m = -5*l - 0*m + 118. Suppose c = 5*f - 63, -2*f - 2*f + 62 = 5*c. Calculate the greatest common divisor of l and f.
13
Let z(u) = 4*u**2 + 10. Let a be z(-5). What is the greatest common factor of 10 and a?
10
Let l = 67 + -32. What is the greatest common divisor of l and 7?
7
Suppose -2*h + 45 = h. Let j be 10/35 - (-838)/7. Calculate the greatest common divisor of h and j.
15
Let z(t) = t**2 - t + 9. Let u be z(-7). Calculate the greatest common factor of 13 and u.
13
Suppose -1 + 4 = t. Suppose -264 = m - t*m. Calculate the highest common factor of 33 and m.
33
Let g(t) = 2*t**2 + 3*t - 2. Let z be g(-4). Suppose 0 = -4*h, 2*h - 4*h = 2*v - 324. Calculate the highest common factor of z and v.
18
Let g(m) = -24*m - 1. Let i be g(-1). Calculate the highest common factor of i and 23.
23
Suppose 17*a - 16*a = 80. What is the highest common divisor of 40 and a?
40
Let v be -2*((-165)/6)/5. Calculate the highest common factor of v and 11.
11
Let x be 12/(3 - 11/4). What is the greatest common factor of x and 64?
16
Let s = -21 + 29. Let y be 1/(-2) + (-51)/(-6). What is the greatest common factor of y and s?
8
Let s(p) = -p**3 + 3*p**2 + 5*p - 3. Let v be s(4). Let c = 2 + v. What is the greatest common divisor of 3 and c?
3
Let s(c) = -17*c + 2. Let x be s(-1). What is the highest common factor of x and 152?
19
Suppose 224 = -6*p + 10*p. What is the greatest common factor of 14 and p?
14
Let k = 38 + -23. Let g(v) = 20 + 9 - v + k. Let y be g(0). What is the highest common factor of 4 and y?
4
Suppose 2*a = u + 4*a - 32, -u + 5*a + 4 = 0. Suppose 4*m = 2*n - 28, 4*n - m - 34 = -n. Calculate the greatest common divisor of n and u.
6
Let t = -15 + 12. Let y(w) = -w**3 - 2*w**2 - 3*w - 4. Let o be y(t). Calculate the greatest common factor of 21 and o.
7
Let t(b) be the second derivative of -7*b**3/6 - b**2 - 2*b. Let m be t(-6). Let k be 0 - (-8)/(1 + 0). What is the highest common factor of m and k?
8
Let q = 35 + -23. What is the highest common divisor of q and 4?
4
Let k be (140/(-30))/((-2)/3). Calculate the highest common divisor of k and 56.
7
Let f(h) = h**3 + 3*h**2 + 1. Let y be f(-3). Calculate the highest common divisor of 7 and y.
1
Suppose -h + 0*t - 2*t = -7, 2 = -2*h + 4*t. What is the highest common divisor of h and 2?
1
Let u(p) = -p**3 - 3*p**2 - 6*p - 5. Let v be u(-4). Let n be 5*((-12)/((-20)/5) - 2). Calculate the greatest common factor of n and v.
5
Suppose 0*b = -b - y + 44, 0 = 5*b + 4*y - 219. Suppose 16 = -3*v + b. What is the greatest common factor of 9 and v?
9
Let z(o) = 6*o**3 + o**2 - 2*o + 1. Let i be z(1). Calculate the highest common factor of 48 and i.
6
Let n(t) be the second derivative of -t**5/20 - 5*t**4/6 - 11*t**3/6 - t**2 + 11*t. Let y be n(-9). What is the greatest common factor of y and 16?
16
Let n be (-7)/(-14) - (-2)/(-4). Suppose n*a - 76 = -4*a. Suppose -a = -3*k + 83. What is the greatest common divisor of 51 and k?
17
Suppose -15*x + 10*x = -325. Calculate the highest common factor of 26 and x.
13
Let i(w) = 2*w**2 - 3*w - 6. Let j be i(-3). Calculate the greatest common divisor of 105 and j.
21
Suppose 0*h - 2*w + 98 = 3*h, -h = 3*w - 35. Calculate the greatest common factor of 256 and h.
32
Suppose -59 = 5*b - 224. What is the greatest common divisor of 297 and b?
33
Suppose -5*o - 5*a = -110, -27 = 4*o - 5*o - 2*a. Let q be (-68)/6*(-8)/((-16)/(-9)). What is the highest common divisor of o and q?
17
Let z(v) = -v + 1. Let o be z(-7). Suppose 3*f - o*f + 45 = 0. Calculate the greatest common factor of f and 27.
9
Let u be (-2)/(-4) - (-38)/4. What is the highest common divisor of u and 15?
5
Suppose -10 - 6 = -2*m. What is the greatest common divisor of 8 and m?
8
Let s = -18 - -25. What is the greatest common factor of s and 49?
7
Let f = 3 + 4. Let p = 10 - -41. Let x = 100 - p. What is the highest common divisor of x and f?
7
Suppose 0 = -y - h + 37, 3 - 6 = -3*h. What is the highest common divisor of 24 and y?
12
Suppose v = -2*v + 3, -84 = -4*h - 4*v. What is the highest common factor of h and 80?
20
Let n be 2 - -2 - (8 + -6). Calculate the highest common divisor of n and 10.
2
Let g be ((-15)/(-20))/((-6)/(-16)). Let s be ((-6)/15)/(g/(-150)). Suppose 2*a = -4*z + 36, 4*z = -0 - 4. Calculate the greatest common divisor of a and s.
10
Suppose -3*y - 16 = -7*y. Suppose 0 = w - y*w + 27. Let i(x) = x**3 + 5*x - 3. Let g be i(4). Calculate the highest common factor of w and g.
9
Let q be (-8)/12 + (-1190)/(-3). What is the greatest common factor of q and 36?
36
Suppose -v + 2*v - 10 = 0. Let a = -5 + v. Suppose 4*m - a*h - 91 + 4 = 0, 3*m - 3*h - 69 = 0. Calculate the greatest common divisor of 14 and m.
14
Suppose 1 = 4*r - 7. Calculate the highest common factor of r and 8.
2
Let s be (-10998)/(-126) - (-2)/7*-1. What is the greatest common factor of 58 and s?
29
Let i = 29 + -20. Suppose -2*y - v + 2 = -5, 5*v - 20 = 5*y. What is the highest common divisor of y and i?
1
Let u(b) = -b**2 - 4*b + 3. Let o be u(-4). Let s(j) = 6*j - 3 + o*j - 11*j. Let c be s(-6). What is the greatest common factor of c and 90?
9
Suppose -49 = -2*y - 13. Let g = -138 + 300. What is the highest common factor of g and y?
18
Suppose -5*k - 14 = -4. Let x be k/(-4) + (-545)/(-10). Calculate the highest common divisor of x and 11.
11
Suppose 4*p - 311 = -3*y + 2*p, -p - 317 = -3*y. What is the greatest common factor of y and 15?
15
Let q(f) = 5 - 4 - 2 - 19*f**3 - 2*f - 45*f**3 - 2*f**2. Let y be q(-1). What is the highest common factor of y and 9?
9
Let a(q) = q + 8. Let h be a(-4). Suppose h*r - 15 = -3*l - 0*r, 36 = 3*l - 3*r. Calculate the highest common factor of l and 36.
9
Suppose 5*g = -4*q + 84, 0 = -3*q + g + 36 + 8. Let v = q + -10. What is the greatest common divisor of v and 18?
6
Let t(a) = -8*a + 7. Let m be t(-6). Let k = -7 + m. What is the greatest common factor of k and 6?
6
Suppose 7*t + 29 = 3*n + 5*t, -3*n + 3*t + 27 = 0. Calculate the greatest common divisor of 275 and n.
11
Let p(y) = y**3 - 12*y**2 + 7. Let k be p(12). Let m = 22 - k. Calculate the greatest common factor of 135 and m.
15
Let t(s) = -s**3 - 7*s**2 - 4*s + 8. Let p be t(-7). Let j(f) = -7*f - 73. Let a be j(-11). What is the highest common factor of p and a?
4
Suppose -70 = 2*v + 14. Let p be v - (-1)/2*-4. Let m = 26 - p. Calculate the greatest common divisor of 14 and m.
14
Let r = 14 - -1. Suppose d - r = 1. What is the highest common factor of d and 64?
16
Let a = -56 + 84. What is the highest common divisor of 7 and a?
7
Let y be (2/(-3))/(6/(-45)). Let q be -5*(11/y - 3). Calculate the greatest common factor of q and 1.
1
Let t = -69 + 132. Calculate the greatest common divisor of 7 and t.
7
Let r be (6/(-2))/(33/(-616)). Calculate the greatest common divisor of 7 and r.
7
Suppose -3*m - 40 = -2*w, 5*m - 2*w - w = -67. Let z = -7 - m. What is the greatest common divisor of z and 49?
7
Let j be (-5 + 2)*4/6. Let f be 1 + (-1)/(1/j). Suppose f*o - 12 = -0*o. What is the greatest common divisor of 20 and o?
4
Let q be -2*(-4 - (-2)/4). What is the greatest common divisor of 63 and q?
7
Let g(n) = 8*n